.
755
What is the remainder when 86381 is divided by 231?
218
Calculate the remainder when 5243 is divided by 33.
29
Calculate the remainder when 823 is divided by 34.
7
What is the remainder when 1686 is divided by 129?
9
Calculate the remainder when 10655 is divided by 19.
15
What is the remainder when 598 is divided by 68?
54
What is the remainder when 1086 is divided by 656?
430
What is the remainder when 211542 is divided by 2459?
68
What is the remainder when 4494 is divided by 580?
434
What is the remainder when 29900 is divided by 81?
11
What is the remainder when 403 is divided by 239?
164
What is the remainder when 1047 is divided by 687?
360
What is the remainder when 10822 is divided by 564?
106
Calculate the remainder when 26121 is divided by 400.
121
Calculate the remainder when 45071 is divided by 118.
113
Calculate the remainder when 17263 is divided by 16.
15
Calculate the remainder when 27327 is divided by 13651.
25
What is the remainder when 34545 is divided by 2303?
0
Calculate the remainder when 56889 is divided by 624.
105
What is the remainder when 55304 is divided by 9?
8
Calculate the remainder when 485 is divided by 443.
42
What is the remainder when 623054 is divided by 623052?
2
Calculate the remainder when 119232 is divided by 1104.
0
Calculate the remainder when 2548 is divided by 22.
18
What is the remainder when 7904 is divided by 2633?
5
What is the remainder when 12356 is divided by 32?
4
What is the remainder when 2628801 is divided by 38?
37
What is the remainder when 15227 is divided by 15223?
4
What is the remainder when 32710 is divided by 148?
2
Calculate the remainder when 1071302 is divided by 1167.
1163
Calculate the remainder when 321649 is divided by 736.
17
Calculate the remainder when 20129 is divided by 13.
5
Calculate the remainder when 35474 is divided by 113.
105
Calculate the remainder when 10447 is divided by 806.
775
Calculate the remainder when 471 is divided by 430.
41
What is the remainder when 127311 is divided by 4896?
15
What is the remainder when 239452 is divided by 28?
24
Calculate the remainder when 2977 is divided by 136.
121
Calculate the remainder when 2115 is divided by 469.
239
What is the remainder when 6944 is divided by 382?
68
Calculate the remainder when 870483 is divided by 385.
383
What is the remainder when 7853 is divided by 1119?
20
Calculate the remainder when 5219 is divided by 240.
179
Calculate the remainder when 9617 is divided by 14.
13
What is the remainder when 1971 is divided by 197?
1
Calculate the remainder when 13533 is divided by 846.
843
What is the remainder when 32800 is divided by 529?
2
Calculate the remainder when 31562 is divided by 142.
38
What is the remainder when 13199 is divided by 213?
206
What is the remainder when 11292918 is divided by 10?
8
What is the remainder when 23485 is divided by 534?
523
What is the remainder when 57198 is divided by 26?
24
Calculate the remainder when 547696 is divided by 112.
16
What is the remainder when 39988 is divided by 645?
643
What is the remainder when 12712 is divided by 192?
40
What is the remainder when 2649 is divided by 90?
39
Calculate the remainder when 209057 is divided by 87.
83
Calculate the remainder when 38548 is divided by 26.
16
Calculate the remainder when 5069 is divided by 75.
44
What is the remainder when 306838 is divided by 120?
118
Calculate the remainder when 92075 is divided by 110.
5
What is the remainder when 38632 is divided by 1332?
4
What is the remainder when 6142 is divided by 6136?
6
What is the remainder when 28664 is divided by 1557?
638
Calculate the remainder when 1855 is divided by 24.
7
Calculate the remainder when 11915 is divided by 87.
83
What is the remainder when 221676 is divided by 815?
811
What is the remainder when 81479 is divided by 485?
484
Calculate the remainder when 207970 is divided by 153.
43
Calculate the remainder when 6721536 is divided by 149.
146
Calculate the remainder when 5067 is divided by 42.
27
Calculate the remainder when 400693 is divided by 1649.
1635
What is the remainder when 239253 is divided by 79746?
15
What is the remainder when 7016 is divided by 15?
11
Calculate the remainder when 17795 is divided by 1772.
75
What is the remainder when 1305 is divided by 69?
63
Calculate the remainder when 73611 is divided by 3344.
43
What is the remainder when 74455 is divided by 6?
1
What is the remainder when 37470 is divided by 2676?
6
Calculate the remainder when 6274 is divided by 881.
107
What is the remainder when 2119 is divided by 676?
91
What is the remainder when 77474 is divided by 596?
590
What is the remainder when 464 is divided by 433?
31
Calculate the remainder when 8594 is divided by 3055.
2484
What is the remainder when 2514 is divided by 169?
148
Calculate the remainder when 6285 is divided by 94.
81
What is the remainder when 8027 is divided by 2662?
41
What is the remainder when 1504056 is divided by 527?
525
What is the remainder when 20213 is divided by 60?
53
What is the remainder when 228273 is divided by 34?
31
Calculate the remainder when 750 is divided by 697.
53
What is the remainder when 14113 is divided by 7030?
53
What is the remainder when 3081 is divided by 291?
171
What is the remainder when 68803 is divided by 488?
483
Calculate the remainder when 8402 is divided by 1070.
912
Calculate the remainder when 1689 is divided by 9.
6
What is the remainder when 3910102 is divided by 521?
518
Calculate the remainder when 1216 is divided by 804.
412
What is the remainder when 1841 is divided by 58?
43
Calculate the remainder when 105011 is divided by 21001.
6
Calculate the remainder when 39135 is divided by 159.
21
Calculate the remainder when 1550 is divided by 761.
28
Calculate the remainder when 3028 is divided by 1504.
20
What is the remainder when 8620 is divided by 216?
196
Calculate the remainder when 43919 is divided by 3990.
29
Calculate the remainder when 67362 is divided by 499.
496
What is the remainder when 1849 is divided by 81?
67
Calculate the remainder when 181 is divided by 96.
85
Calculate the remainder when 2324151 is divided by 774708.
27
What is the remainder when 411331 is divided by 526?
525
Calculate the remainder when 52793 is divided by 278.
251
Calculate the remainder when 229835 is divided by 1069.
0
Calculate the remainder when 1420 is divided by 39.
16
What is the remainder when 56845 is divided by 18926?
67
Calculate the remainder when 44486 is divided by 770.
596
Calculate the remainder when 59193 is divided by 110.
13
What is the remainder when 41635 is divided by 318?
295
What is the remainder when 237188 is divided by 49?
28
What is the remainder when 3474 is divided by 381?
45
What is the remainder when 123742 is divided by 61802?
138
What is the remainder when 82628 is divided by 27508?
104
Calculate the remainder when 18056 is divided by 367.
73
What is the remainder when 3166933 is divided by 466?
463
What is the remainder when 459546 is divided by 8206?
10
What is the remainder when 80714 is divided by 40351?
12
Calculate the remainder when 2388 is divided by 86.
66
What is the remainder when 2756 is divided by 37?
18
Calculate the remainder when 344871 is divided by 717.
711
What is the remainder when 9807 is divided by 812?
63
Calculate the remainder when 701324 is divided by 11.
8
What is the remainder when 7330 is divided by 349?
1
Calculate the remainder when 317709 is divided by 20.
9
Calculate the remainder when 1306274 is divided by 75.
74
What is the remainder when 106728 is divided by 59?
56
What is the remainder when 132551 is divided by 132498?
53
What is the remainder when 339 is divided by 247?
92
Calculate the remainder when 44031 is divided by 6288.
15
Calculate the remainder when 3394 is divided by 184.
82
Calculate the remainder when 102368 is divided by 353.
351
What is the remainder when 1699 is divided by 63?
61
Calculate the remainder when 2418 is divided by 393.
60
Calculate the remainder when 2251696 is divided by 3.
1
Calculate the remainder when 5339 is divided by 49.
47
What is the remainder when 10900 is divided by 905?
40
What is the remainder when 868 is divided by 518?
350
What is the remainder when 17777 is divided by 2222?
1
What is the r